{"id":30,"date":"2020-12-16T17:28:32","date_gmt":"2020-12-16T20:28:32","guid":{"rendered":"https:\/\/nucleos.uepb.edu.br\/nai\/?page_id=30"},"modified":"2020-12-16T17:28:32","modified_gmt":"2020-12-16T20:28:32","slug":"tecnologias-assistivas","status":"publish","type":"page","link":"https:\/\/nucleos.uepb.edu.br\/nai\/tecnologias-assistivas\/","title":{"rendered":"Tecnologias Assistivas"},"content":{"rendered":"<p><strong><em>A tecnologia a servi\u00e7o da educa\u00e7\u00e3o: os usos dos softwares no processo de ensino\/aprendizagem para pessoas com defici\u00eancia<\/em><\/strong><\/p>\n<p><strong>Autora: <\/strong>Cristiane Maria Nepomuceno<\/p>\n<p><strong>Resumo:<\/strong> O artigo objetiva expor considera\u00e7\u00f5es acerca do uso da Tecnologia Digital de Informa\u00e7\u00e3o e Comunica\u00e7\u00e3o (TDICs) e seus impactos e benef\u00edcios no processo educacional para pessoas com defici\u00eancia. Ademais, aborda os usos e pr\u00e1ticas dessas tecnologias no ambiente escolar como ferramenta para media\u00e7\u00e3o do conhecimento.<\/p>\n<p><strong>Dispon\u00edvel em:<\/strong> <a href=\"http:\/\/novo.revista.uepb.edu.br\/index.php\/REIN\/article\/view\/244\/175\">http:\/\/novo.revista.uepb.edu.br\/index.php\/REIN\/article\/view\/244\/175<\/a><\/p>\n","protected":false},"excerpt":{"rendered":"<p>A tecnologia a servi\u00e7o da educa\u00e7\u00e3o: os usos dos softwares no processo de ensino\/aprendizagem para pessoas com defici\u00eancia Autora: Cristiane Maria Nepomuceno Resumo: O artigo objetiva expor considera\u00e7\u00f5es acerca do uso da Tecnologia Digital de Informa\u00e7\u00e3o e Comunica\u00e7\u00e3o (TDICs) e seus impactos e benef\u00edcios no processo educacional para pessoas com defici\u00eancia. Ademais, aborda os usos <a class=\"leiamais\" href=\"https:\/\/nucleos.uepb.edu.br\/nai\/tecnologias-assistivas\/\">Leia Mais&#8230;<\/a><\/p>\n","protected":false},"author":8,"featured_media":0,"parent":0,"menu_order":0,"comment_status":"closed","ping_status":"closed","template":"","meta":{"footnotes":""},"class_list":["post-30","page","type-page","status-publish","hentry"],"_links":{"self":[{"href":"https:\/\/nucleos.uepb.edu.br\/nai\/wp-json\/wp\/v2\/pages\/30","targetHints":{"allow":["GET"]}}],"collection":[{"href":"https:\/\/nucleos.uepb.edu.br\/nai\/wp-json\/wp\/v2\/pages"}],"about":[{"href":"https:\/\/nucleos.uepb.edu.br\/nai\/wp-json\/wp\/v2\/types\/page"}],"author":[{"embeddable":true,"href":"https:\/\/nucleos.uepb.edu.br\/nai\/wp-json\/wp\/v2\/users\/8"}],"replies":[{"embeddable":true,"href":"https:\/\/nucleos.uepb.edu.br\/nai\/wp-json\/wp\/v2\/comments?post=30"}],"version-history":[{"count":1,"href":"https:\/\/nucleos.uepb.edu.br\/nai\/wp-json\/wp\/v2\/pages\/30\/revisions"}],"predecessor-version":[{"id":31,"href":"https:\/\/nucleos.uepb.edu.br\/nai\/wp-json\/wp\/v2\/pages\/30\/revisions\/31"}],"wp:attachment":[{"href":"https:\/\/nucleos.uepb.edu.br\/nai\/wp-json\/wp\/v2\/media?parent=30"}],"curies":[{"name":"wp","href":"https:\/\/api.w.org\/{rel}","templated":true}]}}