{"id":61,"date":"2024-07-04T10:12:18","date_gmt":"2024-07-04T13:12:18","guid":{"rendered":"https:\/\/nucleos.uepb.edu.br\/nai\/?page_id=61"},"modified":"2024-07-04T10:17:25","modified_gmt":"2024-07-04T13:17:25","slug":"contatos","status":"publish","type":"page","link":"https:\/\/nucleos.uepb.edu.br\/nai\/contatos\/","title":{"rendered":"Contatos"},"content":{"rendered":"<div class=\"wpb-content-wrapper\"><p>[vc_row][vc_column width=&#8221;1\/2&#8243;][vc_text_separator title=&#8221;E-mails&#8221; i_icon_fontawesome=&#8221;fas fa-envelope&#8221; i_color=&#8221;custom&#8221; css=&#8221;&#8221; add_icon=&#8221;true&#8221; i_custom_color=&#8221;#cc0000&#8243;][vc_column_text css=&#8221;&#8221;]<\/p>\n<ul>\n<li>nai@setor.uepb.edu.br<\/li>\n<li>alindembergue@servidor.uepb.edu.br<\/li>\n<\/ul>\n<p>[\/vc_column_text][vc_text_separator title=&#8221;Localiza\u00e7\u00e3o&#8221; i_icon_fontawesome=&#8221;fas fa-map-marker-alt&#8221; i_color=&#8221;custom&#8221; css=&#8221;&#8221; add_icon=&#8221;true&#8221; i_custom_color=&#8221;#cc0000&#8243;][vc_column_text css=&#8221;&#8221;]Rua das Bara\u00fanas, s\/n, Bairro Universit\u00e1rios<\/p>\n<p>Campina Grande &#8211; PB.<\/p>\n<p>CEP: 58429-500<\/p>\n<p>Central Acad\u00eamica Paulo Freire (CAPF), 3\u00ba andar, sala 335.[\/vc_column_text][\/vc_column][vc_column width=&#8221;1\/2&#8243;][vc_text_separator title=&#8221;Telefone&#8221; i_icon_fontawesome=&#8221;fas fa-phone-alt&#8221; i_color=&#8221;custom&#8221; css=&#8221;&#8221; add_icon=&#8221;true&#8221; i_custom_color=&#8221;#cc0000&#8243;][vc_column_text css=&#8221;&#8221;](83) 3344-5335[\/vc_column_text][vc_text_separator title=&#8221;Hor\u00e1rio de Atendimento ao P\u00fablico&#8221; i_icon_fontawesome=&#8221;fas fa-clock&#8221; i_color=&#8221;custom&#8221; css=&#8221;&#8221; add_icon=&#8221;true&#8221; i_custom_color=&#8221;#cc0000&#8243;][vc_column_text css=&#8221;&#8221;]Segunda a sexta-feira, manh\u00e3 e tarde, podendo haver turnos especiais mediante portarias da reitoria e\/ou das dire\u00e7\u00f5es dos setores cujo NAI est\u00e1 vinculado.[\/vc_column_text][\/vc_column][\/vc_row]<\/p>\n<\/div>","protected":false},"excerpt":{"rendered":"<p>[vc_row][vc_column width=&#8221;1\/2&#8243;][vc_text_separator title=&#8221;E-mails&#8221; i_icon_fontawesome=&#8221;fas fa-envelope&#8221; i_color=&#8221;custom&#8221; css=&#8221;&#8221; add_icon=&#8221;true&#8221; i_custom_color=&#8221;#cc0000&#8243;][vc_column_text css=&#8221;&#8221;] nai@setor.uepb.edu.br alindembergue@servidor.uepb.edu.br [\/vc_column_text][vc_text_separator title=&#8221;Localiza\u00e7\u00e3o&#8221; i_icon_fontawesome=&#8221;fas fa-map-marker-alt&#8221; i_color=&#8221;custom&#8221; css=&#8221;&#8221; add_icon=&#8221;true&#8221; i_custom_color=&#8221;#cc0000&#8243;][vc_column_text css=&#8221;&#8221;]Rua das Bara\u00fanas, s\/n, Bairro Universit\u00e1rios Campina Grande &#8211; PB. CEP: 58429-500 Central Acad\u00eamica Paulo Freire (CAPF), 3\u00ba andar, sala 335.[\/vc_column_text][\/vc_column][vc_column width=&#8221;1\/2&#8243;][vc_text_separator title=&#8221;Telefone&#8221; i_icon_fontawesome=&#8221;fas fa-phone-alt&#8221; i_color=&#8221;custom&#8221; css=&#8221;&#8221; add_icon=&#8221;true&#8221; i_custom_color=&#8221;#cc0000&#8243;][vc_column_text css=&#8221;&#8221;](83) 3344-5335[\/vc_column_text][vc_text_separator title=&#8221;Hor\u00e1rio de Atendimento ao <a class=\"leiamais\" href=\"https:\/\/nucleos.uepb.edu.br\/nai\/contatos\/\">Leia Mais&#8230;<\/a><\/p>\n","protected":false},"author":8,"featured_media":0,"parent":0,"menu_order":0,"comment_status":"closed","ping_status":"closed","template":"","meta":{"footnotes":""},"class_list":["post-61","page","type-page","status-publish","hentry"],"_links":{"self":[{"href":"https:\/\/nucleos.uepb.edu.br\/nai\/wp-json\/wp\/v2\/pages\/61","targetHints":{"allow":["GET"]}}],"collection":[{"href":"https:\/\/nucleos.uepb.edu.br\/nai\/wp-json\/wp\/v2\/pages"}],"about":[{"href":"https:\/\/nucleos.uepb.edu.br\/nai\/wp-json\/wp\/v2\/types\/page"}],"author":[{"embeddable":true,"href":"https:\/\/nucleos.uepb.edu.br\/nai\/wp-json\/wp\/v2\/users\/8"}],"replies":[{"embeddable":true,"href":"https:\/\/nucleos.uepb.edu.br\/nai\/wp-json\/wp\/v2\/comments?post=61"}],"version-history":[{"count":3,"href":"https:\/\/nucleos.uepb.edu.br\/nai\/wp-json\/wp\/v2\/pages\/61\/revisions"}],"predecessor-version":[{"id":71,"href":"https:\/\/nucleos.uepb.edu.br\/nai\/wp-json\/wp\/v2\/pages\/61\/revisions\/71"}],"wp:attachment":[{"href":"https:\/\/nucleos.uepb.edu.br\/nai\/wp-json\/wp\/v2\/media?parent=61"}],"curies":[{"name":"wp","href":"https:\/\/api.w.org\/{rel}","templated":true}]}}