{"id":1877,"date":"2014-06-25T19:24:40","date_gmt":"2014-06-25T19:24:40","guid":{"rendered":"http:\/\/sites.uepb.edu.br\/circularsaude\/?page_id=1877"},"modified":"2017-09-13T09:13:43","modified_gmt":"2017-09-13T12:13:43","slug":"politicas-publicas","status":"publish","type":"page","link":"https:\/\/nucleos.uepb.edu.br\/neas\/politicas-publicas\/","title":{"rendered":"Pol\u00edticas P\u00fablicas"},"content":{"rendered":"<p>As Pol\u00edticas P\u00fablicas visam responder a demandas da sociedade, em especial, dos setores vulner\u00e1veis. S\u00e3o conjuntos de programas, a\u00e7\u00f5es e atividades desenvolvidas pelo Estado diretamente ou indiretamente, com a participa\u00e7\u00e3o de entes p\u00fablicos ou privados, que visam assegurar determinado direito de cidadania, de forma difusa ou para determinado direito de cidadania, de forma difusa ou para determinado segmento social, cultural, \u00e9tnico ou econ\u00f4mico. Assim, correspondem a direitos assegurados constitucionalmente ou que se afirmam gra\u00e7as ao reconhecimento por parte da sociedade e\/ou pelos poderes p\u00fablicos enquanto novos direitos das pessoas, comunidades, coisas ou outros bens materiais ou imateriais. S\u00e3o explicitadas, sistematizadas ou formuladas em documentos em leis, programas e linhas de financiamentos, orientando a\u00e7\u00f5es que normalmente envolvem aplica\u00e7\u00f5es de recursos p\u00fablicos. Desta forma, ampliam e efetivam direitos do cidad\u00e3o, tamb\u00e9m gestados nas lutas sociais e que passam a ser reconhecidos institucionalmente. Neste contexto, o Programa Educa\u00e7\u00e3o e Preven\u00e7\u00e3o ao Uso de \u00c1lcool, Tabaco e Outras Drogas (PEPAD), se apropria das Pol\u00edticas P\u00fablicas no desenvolvimento de seus projetos no intuito de contribuir com a execu\u00e7\u00e3o de tais Pol\u00edticas. Tentativa de devolver a sociedade o investimento depositado na Universidade Estadual da Para\u00edba, institui\u00e7\u00e3o a qual o Programa est\u00e1 vinculado. Sendo assim, as Pol\u00edticas P\u00fablicas norteiam o PEPAD, em suas diversas atividades, e propiciam a melhoria da sociedade.<\/p>\n<p>Pol\u00edticas P\u00fablicas:<\/p>\n<ul>\n<li><a href=\"http:\/\/sites.uepb.edu.br\/circularsaude\/files\/2014\/06\/Legisla\u00e7\u00e3o-e-Pol\u00edticas-P\u00fablicas-Sobre-Drogas-no-Brasil.pdf\">Legisla\u00e7\u00e3o e Pol\u00edticas P\u00fablicas Sobre Drogas no Brasil<\/a><\/li>\n<li><a href=\"http:\/\/sites.uepb.edu.br\/circularsaude\/files\/2014\/06\/Manual-de-Acompanhamento-Farmacoterap\u00eautico-M\u00e9todo-D\u00e1der.pdf\">Manual de Acompanhamento Farmacoterap\u00eautico- M\u00e9todo D\u00e1der<\/a><\/li>\n<li><a href=\"http:\/\/sites.uepb.edu.br\/circularsaude\/files\/2014\/06\/Plano-de-A\u00e7\u00f5es-Estrat\u00e9gicas-para-o-Enfrentamento-das-Doen\u00e7as-Cr\u00f4nicas-N\u00e3o-Transmiss\u00edveis-DCNT-no-Brasil.pdf\">Plano de A\u00e7\u00f5es Estrat\u00e9gicas para o Enfrentamento das Doen\u00e7as Cr\u00f4nicas N\u00e3o Transmiss\u00edveis (DCNT) no Brasil<\/a><\/li>\n<li><a href=\"http:\/\/sites.uepb.edu.br\/circularsaude\/files\/2014\/06\/Pol\u00edtica-de-Prote\u00e7\u00e3o-\u00e0-Portadores-de-Transtornos-Mentais.pdf\">Pol\u00edtica de Prote\u00e7\u00e3o \u00e0 Portadores de Transtornos Mentais<\/a><\/li>\n<li><a href=\"http:\/\/sites.uepb.edu.br\/circularsaude\/files\/2014\/06\/Pol\u00edtica-Nacional-da-Aten\u00e7\u00e3o-B\u00e1sica.pdf\">Pol\u00edtica Nacional da Aten\u00e7\u00e3o B\u00e1sica<\/a><\/li>\n<li><a href=\"http:\/\/sites.uepb.edu.br\/circularsaude\/files\/2014\/06\/Politica-Nacional-de-Plantas-Medicinais-e-Fitoter\u00e1picos.pdf\">Politica Nacional de Plantas Medicinais e Fitoter\u00e1picos<\/a><\/li>\n<li><a href=\"http:\/\/sites.uepb.edu.br\/circularsaude\/files\/2014\/06\/Pol\u00edtica-Nacional-de-Pr\u00e1ticas-Integrativas-e-Complementares-PNPIC.pdf\">Pol\u00edtica Nacional de Pr\u00e1ticas Integrativas e Complementares (PNPIC)<\/a><\/li>\n<li><a href=\"http:\/\/sites.uepb.edu.br\/circularsaude\/files\/2014\/06\/Pol\u00edtica-Nacional-de-Sa\u00fade-do-Trabalhador-e-da-Trabalhadora..pdf\">Pol\u00edtica Nacional de Sa\u00fade do Trabalhador e da Trabalhadora.<\/a><\/li>\n<li><a href=\"http:\/\/sites.uepb.edu.br\/circularsaude\/files\/2014\/06\/Politica-Nacional-sobre-Drogas.pdf\">Politica Nacional sobre Drogas<\/a><\/li>\n<\/ul>\n<p>&nbsp;<\/p>\n","protected":false},"excerpt":{"rendered":"<p>As Pol\u00edticas P\u00fablicas visam responder a demandas da sociedade, em especial, dos setores vulner\u00e1veis. S\u00e3o conjuntos de programas, a\u00e7\u00f5es e atividades desenvolvidas pelo Estado diretamente ou indiretamente, com a participa\u00e7\u00e3o de entes p\u00fablicos ou privados, que visam assegurar determinado direito de cidadania, de forma difusa ou para determinado direito de cidadania, de forma difusa ou <a class=\"leiamais\" href=\"https:\/\/nucleos.uepb.edu.br\/neas\/politicas-publicas\/\">Leia Mais&#8230;<\/a><\/p>\n","protected":false},"author":11,"featured_media":0,"parent":0,"menu_order":0,"comment_status":"open","ping_status":"open","template":"","meta":{"footnotes":""},"class_list":["post-1877","page","type-page","status-publish","hentry"],"_links":{"self":[{"href":"https:\/\/nucleos.uepb.edu.br\/neas\/wp-json\/wp\/v2\/pages\/1877","targetHints":{"allow":["GET"]}}],"collection":[{"href":"https:\/\/nucleos.uepb.edu.br\/neas\/wp-json\/wp\/v2\/pages"}],"about":[{"href":"https:\/\/nucleos.uepb.edu.br\/neas\/wp-json\/wp\/v2\/types\/page"}],"author":[{"embeddable":true,"href":"https:\/\/nucleos.uepb.edu.br\/neas\/wp-json\/wp\/v2\/users\/11"}],"replies":[{"embeddable":true,"href":"https:\/\/nucleos.uepb.edu.br\/neas\/wp-json\/wp\/v2\/comments?post=1877"}],"version-history":[{"count":1,"href":"https:\/\/nucleos.uepb.edu.br\/neas\/wp-json\/wp\/v2\/pages\/1877\/revisions"}],"predecessor-version":[{"id":5541,"href":"https:\/\/nucleos.uepb.edu.br\/neas\/wp-json\/wp\/v2\/pages\/1877\/revisions\/5541"}],"wp:attachment":[{"href":"https:\/\/nucleos.uepb.edu.br\/neas\/wp-json\/wp\/v2\/media?parent=1877"}],"curies":[{"name":"wp","href":"https:\/\/api.w.org\/{rel}","templated":true}]}}