{"id":2185,"date":"2016-02-29T14:10:43","date_gmt":"2016-02-29T14:10:43","guid":{"rendered":"http:\/\/sites.uepb.edu.br\/nepda\/?page_id=2185"},"modified":"2020-06-19T12:36:32","modified_gmt":"2020-06-19T15:36:32","slug":"catedra","status":"publish","type":"page","link":"https:\/\/nucleos.uepb.edu.br\/nepda\/catedra\/","title":{"rendered":"C\u00e1tedra"},"content":{"rendered":"<p>A C\u00e1tedra S\u00e9rgio Vieira de Mello (CSVM), criada, na UEPB,\u00a0 em 2014, por resolu\u00e7\u00e3o do CONSUNI, \u00e9 vinculada ao N\u00facleo de Estudo e Pesquisa sobre Deslocados Ambientais (NEPDA), gra\u00e7as aos esfor\u00e7os da Profa. Dra. Andrea Pacheco Pac\u00edfico e do ex- representante do ACNUR no Brasil, Dr. Andr\u00e9s Ramirez. Desde ent\u00e3o, h\u00e1 oferta de disciplina sobre migra\u00e7\u00e3o for\u00e7ada e refugiado no curso de Rela\u00e7\u00f5es Internacionais, discuss\u00e3o em diversas disciplinas artigos publicados e semin\u00e1rios realizados. Andrea Pacheco Pac\u00edfico e Thalita Melo s\u00e3o incans\u00e1veis em disseminar a tem\u00e1tica e em buscar solu\u00e7\u00f5es.<br \/>\nCoordenadoras: Profa. Dra. Andrea Pacheco Pac\u00edfico e Profa. Msc. Thalita Melo<\/p>\n<p><a href=\"https:\/\/nucleos.uepb.edu.br\/nepda\/wp-content\/uploads\/sites\/9\/2016\/02\/image1-2.jpeg\" rel=\"attachment wp-att-2188\"><img loading=\"lazy\" decoding=\"async\" class=\"wp-image-2188 alignnone img-responsive\" src=\"https:\/\/nucleos.uepb.edu.br\/nepda\/wp-content\/uploads\/sites\/9\/2016\/02\/image1-2.jpeg\" alt=\"image1-2\" width=\"367\" height=\"200\" srcset=\"https:\/\/nucleos.uepb.edu.br\/nepda\/wp-content\/uploads\/sites\/9\/2016\/02\/image1-2.jpeg 519w, https:\/\/nucleos.uepb.edu.br\/nepda\/wp-content\/uploads\/sites\/9\/2016\/02\/image1-2-300x164.jpeg 300w, https:\/\/nucleos.uepb.edu.br\/nepda\/wp-content\/uploads\/sites\/9\/2016\/02\/image1-2-370x202.jpeg 370w\" sizes=\"auto, (max-width: 367px) 100vw, 367px\" \/><\/a><a href=\"https:\/\/nucleos.uepb.edu.br\/nepda\/wp-content\/uploads\/sites\/9\/2016\/02\/image2.jpeg\" rel=\"attachment wp-att-2187\"><img loading=\"lazy\" decoding=\"async\" class=\"wp-image-2187 alignnone img-responsive\" src=\"https:\/\/nucleos.uepb.edu.br\/nepda\/wp-content\/uploads\/sites\/9\/2016\/02\/image2.jpeg\" alt=\"image2\" width=\"143\" height=\"200\" srcset=\"https:\/\/nucleos.uepb.edu.br\/nepda\/wp-content\/uploads\/sites\/9\/2016\/02\/image2.jpeg 325w, https:\/\/nucleos.uepb.edu.br\/nepda\/wp-content\/uploads\/sites\/9\/2016\/02\/image2-215x300.jpeg 215w\" sizes=\"auto, (max-width: 143px) 100vw, 143px\" \/><\/a><\/p>\n<p><a href=\"https:\/\/nucleos.uepb.edu.br\/nepda\/wp-content\/uploads\/sites\/9\/2016\/02\/image3-1.png\"><img loading=\"lazy\" decoding=\"async\" class=\"alignnone size-full wp-image-2186 img-responsive\" src=\"https:\/\/nucleos.uepb.edu.br\/nepda\/wp-content\/uploads\/sites\/9\/2016\/02\/image3-1.png\" alt=\"\" width=\"586\" height=\"251\" srcset=\"https:\/\/nucleos.uepb.edu.br\/nepda\/wp-content\/uploads\/sites\/9\/2016\/02\/image3-1.png 586w, https:\/\/nucleos.uepb.edu.br\/nepda\/wp-content\/uploads\/sites\/9\/2016\/02\/image3-1-300x128.png 300w, https:\/\/nucleos.uepb.edu.br\/nepda\/wp-content\/uploads\/sites\/9\/2016\/02\/image3-1-370x158.png 370w\" sizes=\"auto, (max-width: 586px) 100vw, 586px\" \/><\/a><\/p>\n<p>http:\/\/www.acnur.org\/portugues\/informacao-geral\/catedra-sergio-vieira-de-mello\/<\/p>\n<p>&nbsp;<\/p>\n","protected":false},"excerpt":{"rendered":"<p>A C\u00e1tedra S\u00e9rgio Vieira de Mello (CSVM), criada, na UEPB,\u00a0 em 2014, por resolu\u00e7\u00e3o do CONSUNI, \u00e9 vinculada ao N\u00facleo de Estudo e Pesquisa sobre Deslocados Ambientais (NEPDA), gra\u00e7as aos esfor\u00e7os da Profa. Dra. Andrea Pacheco Pac\u00edfico e do ex- representante do ACNUR no Brasil, Dr. Andr\u00e9s Ramirez. Desde ent\u00e3o, h\u00e1 oferta de disciplina sobre <a class=\"leiamais\" href=\"https:\/\/nucleos.uepb.edu.br\/nepda\/catedra\/\">Leia Mais&#8230;<\/a><\/p>\n","protected":false},"author":16,"featured_media":0,"parent":0,"menu_order":0,"comment_status":"closed","ping_status":"closed","template":"","meta":{"footnotes":""},"class_list":["post-2185","page","type-page","status-publish","hentry"],"_links":{"self":[{"href":"https:\/\/nucleos.uepb.edu.br\/nepda\/wp-json\/wp\/v2\/pages\/2185","targetHints":{"allow":["GET"]}}],"collection":[{"href":"https:\/\/nucleos.uepb.edu.br\/nepda\/wp-json\/wp\/v2\/pages"}],"about":[{"href":"https:\/\/nucleos.uepb.edu.br\/nepda\/wp-json\/wp\/v2\/types\/page"}],"author":[{"embeddable":true,"href":"https:\/\/nucleos.uepb.edu.br\/nepda\/wp-json\/wp\/v2\/users\/16"}],"replies":[{"embeddable":true,"href":"https:\/\/nucleos.uepb.edu.br\/nepda\/wp-json\/wp\/v2\/comments?post=2185"}],"version-history":[{"count":4,"href":"https:\/\/nucleos.uepb.edu.br\/nepda\/wp-json\/wp\/v2\/pages\/2185\/revisions"}],"predecessor-version":[{"id":3129,"href":"https:\/\/nucleos.uepb.edu.br\/nepda\/wp-json\/wp\/v2\/pages\/2185\/revisions\/3129"}],"wp:attachment":[{"href":"https:\/\/nucleos.uepb.edu.br\/nepda\/wp-json\/wp\/v2\/media?parent=2185"}],"curies":[{"name":"wp","href":"https:\/\/api.w.org\/{rel}","templated":true}]}}