{"id":2456,"date":"2013-02-05T03:18:08","date_gmt":"2013-02-05T03:18:08","guid":{"rendered":"http:\/\/sites.uepb.edu.br\/nepda\/?page_id=6"},"modified":"2020-06-19T12:37:55","modified_gmt":"2020-06-19T15:37:55","slug":"historico","status":"publish","type":"page","link":"https:\/\/nucleos.uepb.edu.br\/nepda\/historico\/","title":{"rendered":"Hist\u00f3rico"},"content":{"rendered":"<p>O NEPDA foi criado em abril de 2012 para aglutinar pesquisadores locais, nacionais e internacionais interessados na problem\u00e1tica dos deslocados ambientais, de forma a dar visibilidade a este grupo de migrantes ainda ausente de prote\u00e7\u00e3o dos regimes internacionais e com pouca prote\u00e7\u00e3o dos governos nacionais donde migram e onde buscam acolhimento. Os deslocados ambientais (para alguns, refugiados ambientais ou clim\u00e1ticos) s\u00e3o caracterizados como migrantes for\u00e7ados, por se deslocarem de seu local de origem em busca de sobreviv\u00eancia, sem escolha entre ir ou permanecer. Eles migram por altera\u00e7\u00f5es ambientais, bruscas ou n\u00e3o, causadas pelo ser humano e\/ou pela natureza, independentemente de haver mudan\u00e7a clim\u00e1tica. Assim h\u00e1, primeiramente, uma necessidade de categorizar esse grupo de migrantes de forma a proteger seus direitos, fazendo com que eles se sintam cidad\u00e3os no local de acolhimento e inseridos no atual sistema internacional globalizado em que h\u00e1, cada vez mais, bloqueio de fronteiras humanas e abertura de fronteiras econ\u00f4micas (financeiras e comerciais). Estes deslocados ambientais n\u00e3o s\u00e3o considerados deslocados internos, pois, normalmente, n\u00e3o h\u00e1 persegui\u00e7\u00e3o no local de origem, nem refugiados, pois muitos n\u00e3o chegam a cruzar as fronteiras do local de origem e, quando cruzam, n\u00e3o h\u00e1 persegui\u00e7\u00e3o para assim caracteriz\u00e1-los. Importa mencionar que o atual regime internacional dos refugiados (normas, regras, institui\u00e7\u00f5es e procedimentos de tomada de decis\u00e3o) foi criado em 1951, logo ap\u00f3s a Segunda Grande Guerra Mundial, resultante de causas hist\u00f3ricas, pol\u00edticas, econ\u00f4micas e culturais diferentes do momento em que a sociedade internacional se encontra, havendo, portanto, uma necessidade de repensar e reconstruir este regime, ampliando seu escopo, sua atua\u00e7\u00e3o e os sujeitos sob sua prote\u00e7\u00e3o, ou criar um novo regime capaz de proteger migrantes em busca de prote\u00e7\u00e3o, como \u00e9 o caso dos deslocados ambientais. Assim, o NEPDA nasceu para categoriz\u00e1-los, mapear seus locais de origem e de destino, analisar os conflitos surgidos em decorr\u00eancia do deslocamento e as quest\u00f5es de seguran\u00e7a (humana, estatal e ambiental) aplicadas ao dilema, al\u00e9m de examinar a prote\u00e7\u00e3o concedida a eles e as pol\u00edticas p\u00fablicas adotadas, em n\u00edvel dom\u00e9stico e internacional, comparando as diversas formas de apoio e os atores envolvidos no processo, os quais ser\u00e3o de fundamental import\u00e2ncia para inferir possibilidades de regulamenta\u00e7\u00e3o de prote\u00e7\u00e3o dos deslolados ambientais, com o fim de melhorar as rela\u00e7\u00f5es entre os diversos atores internacionais, estatais e n\u00e3o estatais, no atual sistema internacional.<\/p>\n","protected":false},"excerpt":{"rendered":"<p>O NEPDA foi criado em abril de 2012 para aglutinar pesquisadores locais, nacionais e internacionais interessados na problem\u00e1tica dos deslocados ambientais, de forma a dar visibilidade a este grupo de migrantes ainda ausente de prote\u00e7\u00e3o dos regimes internacionais e com pouca prote\u00e7\u00e3o dos governos nacionais donde migram e onde buscam acolhimento. Os deslocados ambientais (para <a class=\"leiamais\" href=\"https:\/\/nucleos.uepb.edu.br\/nepda\/historico\/\">Leia Mais&#8230;<\/a><\/p>\n","protected":false},"author":11,"featured_media":0,"parent":0,"menu_order":0,"comment_status":"open","ping_status":"open","template":"","meta":{"footnotes":""},"class_list":["post-2456","page","type-page","status-publish","hentry"],"_links":{"self":[{"href":"https:\/\/nucleos.uepb.edu.br\/nepda\/wp-json\/wp\/v2\/pages\/2456","targetHints":{"allow":["GET"]}}],"collection":[{"href":"https:\/\/nucleos.uepb.edu.br\/nepda\/wp-json\/wp\/v2\/pages"}],"about":[{"href":"https:\/\/nucleos.uepb.edu.br\/nepda\/wp-json\/wp\/v2\/types\/page"}],"author":[{"embeddable":true,"href":"https:\/\/nucleos.uepb.edu.br\/nepda\/wp-json\/wp\/v2\/users\/11"}],"replies":[{"embeddable":true,"href":"https:\/\/nucleos.uepb.edu.br\/nepda\/wp-json\/wp\/v2\/comments?post=2456"}],"version-history":[{"count":4,"href":"https:\/\/nucleos.uepb.edu.br\/nepda\/wp-json\/wp\/v2\/pages\/2456\/revisions"}],"predecessor-version":[{"id":3133,"href":"https:\/\/nucleos.uepb.edu.br\/nepda\/wp-json\/wp\/v2\/pages\/2456\/revisions\/3133"}],"wp:attachment":[{"href":"https:\/\/nucleos.uepb.edu.br\/nepda\/wp-json\/wp\/v2\/media?parent=2456"}],"curies":[{"name":"wp","href":"https:\/\/api.w.org\/{rel}","templated":true}]}}