{"id":3502,"date":"2025-03-10T11:25:53","date_gmt":"2025-03-10T14:25:53","guid":{"rendered":"https:\/\/nucleos.uepb.edu.br\/nepda\/?page_id=3502"},"modified":"2025-03-11T15:40:40","modified_gmt":"2025-03-11T18:40:40","slug":"gepab","status":"publish","type":"page","link":"https:\/\/nucleos.uepb.edu.br\/nepda\/home\/gepab\/","title":{"rendered":"GEPAB"},"content":{"rendered":"<div class=\"wpb-content-wrapper\"><p>[vc_row][vc_column][vc_tta_tabs][vc_tta_section title=&#8221;IN\u00cdCIO&#8221; tab_id=&#8221;1741709257329-67b7e04a-5414&#8243;][vc_custom_heading text=&#8221;GRUPO DE ESTUDO E PESQUISA SOBRE AFEG\u00c3OS NO BRASIL&#8221; font_container=&#8221;tag:h2|text_align:center|color:%234C6145&#8243; css=&#8221;&#8221;][vc_text_separator title=&#8221;CRIADO EM 2024 PELO PROFESSOR JUMA RASULI&#8221; border_width=&#8221;2&#8243; css=&#8221;&#8221;][vc_separator css=&#8221;&#8221;][vc_column_text css=&#8221;&#8221;]<\/p>\n<p class=\"cvGsUA direction-ltr align-start para-style-body\"><span class=\"OYPEnA font-feature-liga-off font-feature-clig-off font-feature-calt-off text-decoration-none text-strikethrough-none\"><img loading=\"lazy\" decoding=\"async\" class=\"size-medium wp-image-3509 alignleft img-responsive\" src=\"https:\/\/nucleos.uepb.edu.br\/nepda\/wp-content\/uploads\/sites\/9\/2025\/03\/GEPAB-1-300x300.png\" alt=\"\" width=\"300\" height=\"300\" srcset=\"https:\/\/nucleos.uepb.edu.br\/nepda\/wp-content\/uploads\/sites\/9\/2025\/03\/GEPAB-1-300x300.png 300w, https:\/\/nucleos.uepb.edu.br\/nepda\/wp-content\/uploads\/sites\/9\/2025\/03\/GEPAB-1-796x796.png 796w, https:\/\/nucleos.uepb.edu.br\/nepda\/wp-content\/uploads\/sites\/9\/2025\/03\/GEPAB-1.png 1080w\" sizes=\"auto, (max-width: 300px) 100vw, 300px\" \/>O Grupo de Estudo e Pesquisa sobre Afeg\u00e3os no <\/span><span class=\"OYPEnA font-feature-liga-off font-feature-clig-off font-feature-calt-off text-decoration-none text-strikethrough-none\">Brasil, surgiu dos trabalhos do professor Juma <\/span><span class=\"OYPEnA font-feature-liga-off font-feature-clig-off font-feature-calt-off text-decoration-none text-strikethrough-none\">em conjunto com sua orientanda Raquel sobre o <\/span><span class=\"OYPEnA font-feature-liga-off font-feature-clig-off font-feature-calt-off text-decoration-none text-strikethrough-none\">acolhimento e integra\u00e7\u00e3o dos Afeg\u00e3os no Brasil.<\/span><\/p>\n<p class=\"cvGsUA direction-ltr align-start para-style-body\"><span class=\"OYPEnA font-feature-liga-off font-feature-clig-off font-feature-calt-off text-decoration-none text-strikethrough-none\">Vinculado ao CNPQ e \u00e0 CAPES, hoje somos o <\/span><span class=\"OYPEnA font-feature-liga-off font-feature-clig-off font-feature-calt-off text-decoration-none text-strikethrough-none\">primeiro grupo de estudos sobre afeg\u00e3os do Brasil.<\/span><\/p>\n<p>[\/vc_column_text][vc_separator][vc_separator css=&#8221;&#8221;][\/vc_tta_section][vc_tta_section title=&#8221;NOT\u00cdCIAS&#8221; tab_id=&#8221;1741709257329-0c022955-df20&#8243;][vc_text_separator title=&#8221;\u00daltimas not\u00edcias&#8221; css=&#8221;&#8221;][\/vc_tta_section][vc_tta_section title=&#8221;MEMBROS&#8221; tab_id=&#8221;1741709867430-04c13c37-c8df&#8221;][vc_row_inner][vc_column_inner][vc_text_separator title=&#8221;Coordenador&#8221; title_align=&#8221;separator_align_left&#8221; align=&#8221;align_left&#8221; css=&#8221;&#8221;][\/vc_column_inner][\/vc_row_inner][vc_column_text css=&#8221;&#8221;]<\/p>\n<ul>\n<li><a href=\"http:\/\/lattes.cnpq.br\/9390883987569066\">Juma Rasuli<\/a> \u2013 Doutor em Economia \u2013 VNSGU (India)<\/li>\n<\/ul>\n<p>[\/vc_column_text][vc_text_separator title=&#8221;Estudantes&#8221; title_align=&#8221;separator_align_left&#8221; css=&#8221;&#8221;][vc_column_text css=&#8221;&#8221;]<\/p>\n<ul>\n<li><a href=\"https:\/\/lattes.cnpq.br\/8475258134000755\">Andressa Santos de Carvalho<\/a>\u00a0\u2013\u00a0Graduanda em Rela\u00e7\u00f5es Internacionais \u2013 UEPB<\/li>\n<li><a href=\"http:\/\/lattes.cnpq.br\/3243522530771198\">Raquel Bandeira Tim\u00f3teo<\/a>\u00a0\u2013 Graduanda de Rela\u00e7\u00f5es Internacionais \u2013 UEPB<\/li>\n<\/ul>\n<p>&nbsp;[\/vc_column_text][vc_text_separator title=&#8221;Pesquisadores&#8221; title_align=&#8221;separator_align_left&#8221; css=&#8221;&#8221;][vc_column_text css=&#8221;&#8221;][\/vc_column_text][vc_text_separator title=&#8221;Colaboradores Estrangeiros&#8221; title_align=&#8221;separator_align_left&#8221; css=&#8221;&#8221;][vc_column_text css=&#8221;&#8221;][\/vc_column_text][vc_text_separator title=&#8221;Praticantes\/Ativistas\/T\u00e9cnicos&#8221; title_align=&#8221;separator_align_left&#8221; css=&#8221;&#8221;][vc_column_text css=&#8221;&#8221;][\/vc_column_text][\/vc_tta_section][vc_tta_section title=&#8221;OBJETIVOS&#8221; tab_id=&#8221;1741711423301-d2227299-76c7&#8243;][vc_column_text css=&#8221;&#8221;]<\/p>\n<div class=\"mdl-cell mdl-cell--12-col\">\n<h2 class=\"title\">Objetivo Geral<\/h2>\n<\/div>\n<div class=\"mdl-cell mdl-cell--12-col\">\n<p><span style=\"font-weight: 400;\">Investigar a conjuntura dos refugiados e migrantes afeg\u00e3os no Brasil, de modo que se possa contribuir com o desenvolvimento e o fortalecimento da capacidade brasileira de acolhimento e integra\u00e7\u00e3o de refugiados.<\/span><\/p>\n<\/div>\n<div>\n<div class=\"wp-tab-content\">\n<div class=\"wp-tab-content-wrapper\"><\/div>\n<\/div>\n<\/div>\n<p>[\/vc_column_text][vc_separator css=&#8221;&#8221;][vc_column_text css=&#8221;&#8221;]<\/p>\n<div class=\"mdl-cell mdl-cell--12-col\">\n<h3><strong>Objetivos espec\u00edficos<\/strong>:<\/h3>\n<ul>\n<li><span style=\"font-weight: 400;\">Investigar as causas da vinda dos afeg\u00e3os ao Brasil.<\/span><\/li>\n<li><span style=\"font-weight: 400;\">Investigar o processo de regulariza\u00e7\u00e3o de migrantes com visto de acolhida humanit\u00e1ria e pessoas refugiadas afeg\u00e3s.<\/span><\/li>\n<li style=\"font-weight: 400;\" aria-level=\"1\"><span style=\"font-weight: 400;\">Conceitualizar acolhimento, integra\u00e7\u00e3o e Boas pr\u00e1ticas, avaliando o processo de acolhimento e de integra\u00e7\u00e3o de pessoas afeg\u00e3s no Brasil, identificando as etapas legais e burocr\u00e1ticas envolvidas.<\/span><\/li>\n<li style=\"font-weight: 400;\" aria-level=\"1\"><span style=\"font-weight: 400;\">Investigar programas de acolhimento e integra\u00e7\u00e3o de pessoas afeg\u00e3s no Brasil, caracterizando ou n\u00e3o como Boas Pr\u00e1ticas capazes de serem replicadas. Como tamb\u00e9m, analisar os tipos de suporte aos solicitantes de ref\u00fagio e de visto de acolhida humanit\u00e1ria dos afeg\u00e3os rec\u00e9m-chegados no Brasil.\u00a0<\/span><\/li>\n<li style=\"font-weight: 400;\" aria-level=\"1\"><span style=\"font-weight: 400;\">Sugerir melhorias na implementa\u00e7\u00e3o de normas e pol\u00edticas p\u00fablicas para acolher e integrar afeg\u00e3os no Brasil.<\/span><\/li>\n<\/ul>\n<p>&nbsp;<\/p>\n<\/div>\n<div>\n<div class=\"wp-tab-content\">\n<div class=\"wp-tab-content-wrapper\"><\/div>\n<\/div>\n<\/div>\n<p>[\/vc_column_text][vc_separator][vc_column_text css=&#8221;&#8221;]<\/p>\n<div class=\"mdl-cell mdl-cell--12-col\">\n<h3><b>Linhas de Pesquisa:<\/b><\/h3>\n<p><span style=\"font-weight: 400;\">\u00a0<\/span><\/p>\n<h3><b>Migrantes for\u00e7ados e refugiados<\/b><\/h3>\n<p><span style=\"font-weight: 400;\">Esta linha de pesquisa foca nos migrantes for\u00e7ados a deixarem seu local de origem por motivos diversos, como os refugiados, perseguidos em raz\u00e3o de ra\u00e7a, religi\u00e3o, nacionalidade, opini\u00e3o pol\u00edtica ou pertencimento a grupo social, e que se distinguem dos deslocados internos por cruzarem as fronteiras do pa\u00eds de origem. H\u00e1, particularmente, os deslocados for\u00e7ados por amea\u00e7a \u00e0 seguran\u00e7a e \u00e0 sobreviv\u00eancia, individual ou coletiva, cuja degrada\u00e7\u00e3o ambiental ou mudan\u00e7a clim\u00e1tica pode ser causa ou consequ\u00eancia, embora motivos pol\u00edticos, econ\u00f4micos e sociais se interrelacionem. Entre os migrantes for\u00e7ados, h\u00e1 ainda solicitantes de ref\u00fagio, traficados, ap\u00e1tridas e reassentados.<\/span><\/p>\n<h3><b>Regimes Internacionais e Prote\u00e7\u00e3o aos Direitos Humanos<\/b><\/h3>\n<p><span style=\"font-weight: 400;\">Esta linha de pesquisa foca no debate te\u00f3rico-conceitual em torno das categorias de migrantes for\u00e7ados e de refugiados, particularmente, de deslocados ambientais vis-\u00e0-vis os regimes internacionais existentes para proteg\u00ea-los, como os regimes de prote\u00e7\u00e3o dos direitos humanos e de normas ambientais, incluindo-se o regime de mudan\u00e7a clim\u00e1tica. Buscar-se-\u00e1 identificar os atores, seus papeis e suas compet\u00eancias nos regimes, quais sejam, normas, regras, princ\u00edpios, institui\u00e7\u00f5es e procedimentos de tomada de decis\u00e3o necess\u00e1rios para prote\u00e7\u00e3o destas categorias de migrantes, particularmente dos deslocados ambientais, exclu\u00eddos da prote\u00e7\u00e3o do regime internacional dos refugiados e dos migrantes for\u00e7ados.<\/span><\/p>\n<h3><b>Teorias de seguran\u00e7a aplicadas \u00e0 migra\u00e7\u00e3o<\/b><\/h3>\n<p><span style=\"font-weight: 400;\">Esta linha de pesquisa foca nos diversos aspectos da rela\u00e7\u00e3o existente entre seguran\u00e7a e migra\u00e7\u00e3o, desde o aspecto estatal at\u00e9 o ambiental e o humanit\u00e1rio. Como problema de seguran\u00e7a estatal, os fluxos migrat\u00f3rios passam a ser vistos como amea\u00e7a \u00e0 estabilidade nacional, podendo afetar, por exemplo, a seguran\u00e7a societal e a ambiental. Considerando a problem\u00e1tica da migra\u00e7\u00e3o, particularmente do deslocado ambiental, como um debate inserido na seguran\u00e7a humana, h\u00e1 uma maior preocupa\u00e7\u00e3o com o indiv\u00edduo e, assim, o migrante se torna o foco da prote\u00e7\u00e3o.<\/span><\/p>\n<\/div>\n<p>[\/vc_column_text][\/vc_tta_section][vc_tta_section title=&#8221;CONTATO&#8221; tab_id=&#8221;1741711904186-8d053180-b806&#8243;][vc_text_separator title=&#8221;Entre em contato conosco para mais informa\u00e7\u00f5es!&#8221; title_align=&#8221;separator_align_left&#8221; css=&#8221;&#8221;][vc_icon icon_fontawesome=&#8221;fab fa-instagram&#8221; color=&#8221;green&#8221; css=&#8221;&#8221; link=&#8221;url:https%3A%2F%2Fwww.instagram.com%2Fgepab.uepb%3Futm_source%3Dig_web_button_share_sheet%26igsh%3DZDNlZDc0MzIxNw%3D%3D&#8221;][vc_separator css=&#8221;&#8221;][vc_text_separator title=&#8221;Email&#8221; title_align=&#8221;separator_align_left&#8221; css=&#8221;&#8221;][vc_column_text css=&#8221;&#8221;]<strong>gepab28@gmail.com<\/strong>[\/vc_column_text][vc_text_separator title=&#8221;Endere\u00e7o para contato&#8221; title_align=&#8221;separator_align_left&#8221; css=&#8221;&#8221;][vc_column_text css=&#8221;&#8221;]Curso de Rela\u00e7\u00f5es Internacionais<br \/>\nUniversidade Estadual da Para\u00edba \u2013 Campus V<br \/>\nR. Hor\u00e1rio Trajano de Oliveira, S\/N, Cristo Redentor,<br \/>\nJo\u00e3o Pessoa, Para\u00edba<br \/>\n58020-540, Brasil[\/vc_column_text][\/vc_tta_section][\/vc_tta_tabs][\/vc_column][\/vc_row][vc_row][vc_column width=&#8221;1\/2&#8243;][vc_single_image image=&#8221;3517&#8243; alignment=&#8221;center&#8221; css=&#8221;&#8221;][\/vc_column][vc_column width=&#8221;1\/2&#8243;][vc_single_image image=&#8221;3518&#8243; alignment=&#8221;center&#8221; css=&#8221;&#8221;][\/vc_column][\/vc_row]<\/p>\n<\/div>","protected":false},"excerpt":{"rendered":"<p>[vc_row][vc_column][vc_tta_tabs][vc_tta_section title=&#8221;IN\u00cdCIO&#8221; tab_id=&#8221;1741709257329-67b7e04a-5414&#8243;][vc_custom_heading text=&#8221;GRUPO DE ESTUDO E PESQUISA SOBRE AFEG\u00c3OS NO BRASIL&#8221; font_container=&#8221;tag:h2|text_align:center|color:%234C6145&#8243; css=&#8221;&#8221;][vc_text_separator title=&#8221;CRIADO EM 2024 PELO PROFESSOR JUMA RASULI&#8221; border_width=&#8221;2&#8243; css=&#8221;&#8221;][vc_separator css=&#8221;&#8221;][vc_column_text css=&#8221;&#8221;] O Grupo de Estudo e Pesquisa sobre Afeg\u00e3os no Brasil, surgiu dos trabalhos do professor Juma em conjunto com sua orientanda Raquel sobre o acolhimento e integra\u00e7\u00e3o dos Afeg\u00e3os no <a class=\"leiamais\" href=\"https:\/\/nucleos.uepb.edu.br\/nepda\/home\/gepab\/\">Leia Mais&#8230;<\/a><\/p>\n","protected":false},"author":16,"featured_media":0,"parent":3331,"menu_order":0,"comment_status":"closed","ping_status":"closed","template":"","meta":{"footnotes":""},"class_list":["post-3502","page","type-page","status-publish","hentry"],"_links":{"self":[{"href":"https:\/\/nucleos.uepb.edu.br\/nepda\/wp-json\/wp\/v2\/pages\/3502","targetHints":{"allow":["GET"]}}],"collection":[{"href":"https:\/\/nucleos.uepb.edu.br\/nepda\/wp-json\/wp\/v2\/pages"}],"about":[{"href":"https:\/\/nucleos.uepb.edu.br\/nepda\/wp-json\/wp\/v2\/types\/page"}],"author":[{"embeddable":true,"href":"https:\/\/nucleos.uepb.edu.br\/nepda\/wp-json\/wp\/v2\/users\/16"}],"replies":[{"embeddable":true,"href":"https:\/\/nucleos.uepb.edu.br\/nepda\/wp-json\/wp\/v2\/comments?post=3502"}],"version-history":[{"count":13,"href":"https:\/\/nucleos.uepb.edu.br\/nepda\/wp-json\/wp\/v2\/pages\/3502\/revisions"}],"predecessor-version":[{"id":3524,"href":"https:\/\/nucleos.uepb.edu.br\/nepda\/wp-json\/wp\/v2\/pages\/3502\/revisions\/3524"}],"up":[{"embeddable":true,"href":"https:\/\/nucleos.uepb.edu.br\/nepda\/wp-json\/wp\/v2\/pages\/3331"}],"wp:attachment":[{"href":"https:\/\/nucleos.uepb.edu.br\/nepda\/wp-json\/wp\/v2\/media?parent=3502"}],"curies":[{"name":"wp","href":"https:\/\/api.w.org\/{rel}","templated":true}]}}