{"id":10,"date":"2017-02-07T09:10:21","date_gmt":"2017-02-07T11:10:21","guid":{"rendered":"https:\/\/nucleos.uepb.edu.br\/nupehl\/?page_id=10"},"modified":"2023-05-02T11:16:49","modified_gmt":"2023-05-02T14:16:49","slug":"acervos","status":"publish","type":"page","link":"https:\/\/nucleos.uepb.edu.br\/nupehl\/acervos\/","title":{"rendered":"Acervos"},"content":{"rendered":"<div class=\"wpb-content-wrapper\"><p>[vc_row][vc_column][vc_column_text]<\/p>\n<p style=\"text-align: left\"><strong>Acervos digitais realizados pelo N\u00facleo de Pesquisa e Extens\u00e3o em Hist\u00f3ria Local &#8211; NUPEHL ao longo de sua jornada pela preserva\u00e7\u00e3o da hist\u00f3ria e propaga\u00e7\u00e3o do conhecimento.\u00a0<\/strong><\/p>\n<p>[\/vc_column_text][\/vc_column][\/vc_row][vc_row gap=&#8221;30&#8243; css=&#8221;.vc_custom_1680546469287{margin-top: 10px !important;}&#8221;][vc_column width=&#8221;1\/2&#8243;][vc_btn title=&#8221;Comarca de Campina Grande&#8221; color=&#8221;turquoise&#8221; size=&#8221;lg&#8221; align=&#8221;left&#8221; button_block=&#8221;true&#8221; link=&#8221;url:https%3A%2F%2Fnucleos.uepb.edu.br%2Fnupehl%2Facervos%2Fcomarca-de-campina-grande%2F|title:Comarca%20de%20Campina%20Grande|target:_blank&#8221;][\/vc_column][vc_column width=&#8221;1\/2&#8243;][vc_btn title=&#8221;Comarca de Pombal&#8221; color=&#8221;orange&#8221; size=&#8221;lg&#8221; align=&#8221;left&#8221; button_block=&#8221;true&#8221; link=&#8221;url:https%3A%2F%2Fnucleos.uepb.edu.br%2Fnupehl%2Fpublicacoes%2Fcomarca-de-pombal%2F|title:Comarca%20de%20Pombal&#8221;][\/vc_column][\/vc_row][vc_row][vc_column][vc_single_image image=&#8221;879&#8243; img_size=&#8221;large&#8221; alignment=&#8221;center&#8221;][\/vc_column][\/vc_row]<\/p>\n<\/div>","protected":false},"excerpt":{"rendered":"<p>[vc_row][vc_column][vc_column_text] Acervos digitais realizados pelo N\u00facleo de Pesquisa e Extens\u00e3o em Hist\u00f3ria Local &#8211; NUPEHL ao longo de sua jornada pela preserva\u00e7\u00e3o da hist\u00f3ria e propaga\u00e7\u00e3o do conhecimento.\u00a0 [\/vc_column_text][\/vc_column][\/vc_row][vc_row gap=&#8221;30&#8243; css=&#8221;.vc_custom_1680546469287{margin-top: 10px !important;}&#8221;][vc_column width=&#8221;1\/2&#8243;][vc_btn title=&#8221;Comarca de Campina Grande&#8221; color=&#8221;turquoise&#8221; size=&#8221;lg&#8221; align=&#8221;left&#8221; button_block=&#8221;true&#8221; link=&#8221;url:https%3A%2F%2Fnucleos.uepb.edu.br%2Fnupehl%2Facervos%2Fcomarca-de-campina-grande%2F|title:Comarca%20de%20Campina%20Grande|target:_blank&#8221;][\/vc_column][vc_column width=&#8221;1\/2&#8243;][vc_btn title=&#8221;Comarca de Pombal&#8221; color=&#8221;orange&#8221; size=&#8221;lg&#8221; align=&#8221;left&#8221; button_block=&#8221;true&#8221; link=&#8221;url:https%3A%2F%2Fnucleos.uepb.edu.br%2Fnupehl%2Fpublicacoes%2Fcomarca-de-pombal%2F|title:Comarca%20de%20Pombal&#8221;][\/vc_column][\/vc_row][vc_row][vc_column][vc_single_image image=&#8221;879&#8243; img_size=&#8221;large&#8221; alignment=&#8221;center&#8221;][\/vc_column][\/vc_row]<\/p>\n","protected":false},"author":2,"featured_media":0,"parent":0,"menu_order":0,"comment_status":"closed","ping_status":"closed","template":"","meta":{"footnotes":""},"class_list":["post-10","page","type-page","status-publish","hentry"],"_links":{"self":[{"href":"https:\/\/nucleos.uepb.edu.br\/nupehl\/wp-json\/wp\/v2\/pages\/10","targetHints":{"allow":["GET"]}}],"collection":[{"href":"https:\/\/nucleos.uepb.edu.br\/nupehl\/wp-json\/wp\/v2\/pages"}],"about":[{"href":"https:\/\/nucleos.uepb.edu.br\/nupehl\/wp-json\/wp\/v2\/types\/page"}],"author":[{"embeddable":true,"href":"https:\/\/nucleos.uepb.edu.br\/nupehl\/wp-json\/wp\/v2\/users\/2"}],"replies":[{"embeddable":true,"href":"https:\/\/nucleos.uepb.edu.br\/nupehl\/wp-json\/wp\/v2\/comments?post=10"}],"version-history":[{"count":22,"href":"https:\/\/nucleos.uepb.edu.br\/nupehl\/wp-json\/wp\/v2\/pages\/10\/revisions"}],"predecessor-version":[{"id":967,"href":"https:\/\/nucleos.uepb.edu.br\/nupehl\/wp-json\/wp\/v2\/pages\/10\/revisions\/967"}],"wp:attachment":[{"href":"https:\/\/nucleos.uepb.edu.br\/nupehl\/wp-json\/wp\/v2\/media?parent=10"}],"curies":[{"name":"wp","href":"https:\/\/api.w.org\/{rel}","templated":true}]}}