{"id":138,"date":"2023-03-02T08:53:54","date_gmt":"2023-03-02T11:53:54","guid":{"rendered":"https:\/\/nucleos.uepb.edu.br\/nupehl\/?page_id=138"},"modified":"2023-06-27T09:35:50","modified_gmt":"2023-06-27T12:35:50","slug":"inventarios-seculo-xix","status":"publish","type":"page","link":"https:\/\/nucleos.uepb.edu.br\/nupehl\/acervos\/comarca-de-campina-grande\/inventarios-seculo-xix\/","title":{"rendered":"Invent\u00e1rios s\u00e9culo XIX"},"content":{"rendered":"<div class=\"wpb-content-wrapper\"><p>[vc_row][vc_column][vc_column_text]Os invent\u00e1rios foram digitalizados seguindo a mesma ordem e divis\u00e3o do arquivo f\u00edsico do F\u00f3rum Afonso Campos. Desta forma, as pastas aqui digitalizadas s\u00e3o referentes as caixas arquivos do referido acervo. Em virtude do estado f\u00edsico de muitos documentos, algumas caixas n\u00e3o puderam ser catalogadas, encontrando-se digitalizadas na mesma ordem que encontram-se no arquivo f\u00edsico.[\/vc_column_text][\/vc_column][\/vc_row][vc_row][vc_column width=&#8221;1\/4&#8243;][vc_btn title=&#8221;1783 a 1789&#8243; color=&#8221;turquoise&#8221; size=&#8221;lg&#8221; align=&#8221;left&#8221; button_block=&#8221;true&#8221; link=&#8221;url:https%3A%2F%2Fdrive.google.com%2Ffile%2Fd%2F1JlNXsnRalSHSNTes1RGm-0BXtL8iAi3m%2Fview%3Fusp%3Dshare_link|target:_blank&#8221;][vc_btn title=&#8221;1819&#8243; color=&#8221;orange&#8221; size=&#8221;lg&#8221; align=&#8221;left&#8221; button_block=&#8221;true&#8221; link=&#8221;url:https%3A%2F%2Fdrive.google.com%2Ffile%2Fd%2F1Wnn1_YrNWGDGBGU02WI_bPIoV0F3rzAf%2Fview%3Fusp%3Dshare_link|target:_blank&#8221;][vc_btn title=&#8221;1827&#8243; color=&#8221;turquoise&#8221; size=&#8221;lg&#8221; align=&#8221;left&#8221; button_block=&#8221;true&#8221; link=&#8221;url:https%3A%2F%2Fdrive.google.com%2Ffile%2Fd%2F1Bj83aIn2EOzt1T3tdAJFu22nCK7BHgct%2Fview%3Fusp%3Dshare_link|target:_blank&#8221;][vc_btn title=&#8221;1832&#8243; color=&#8221;orange&#8221; size=&#8221;lg&#8221; align=&#8221;left&#8221;][vc_btn title=&#8221;1837&#8243; color=&#8221;turquoise&#8221; size=&#8221;lg&#8221; align=&#8221;left&#8221;][vc_btn title=&#8221;1843&#8243; color=&#8221;orange&#8221; size=&#8221;lg&#8221; align=&#8221;left&#8221;][vc_btn title=&#8221;1847&#8243; color=&#8221;turquoise&#8221; size=&#8221;lg&#8221; align=&#8221;left&#8221;][vc_btn title=&#8221;1852&#8243; color=&#8221;orange&#8221; size=&#8221;lg&#8221; align=&#8221;left&#8221;][vc_btn title=&#8221;1811 a 1818&#8243; color=&#8221;turquoise&#8221; size=&#8221;lg&#8221; align=&#8221;left&#8221; button_block=&#8221;true&#8221; link=&#8221;url:https%3A%2F%2Fdrive.google.com%2Ffile%2Fd%2F1ksuFATmrkM1ier195AsBwsxFSjWg5Jt4%2Fview%3Fusp%3Dshare_link|target:_blank&#8221;][\/vc_column][vc_column width=&#8221;1\/4&#8243;][vc_btn title=&#8221;1800 a 1810&#8243; color=&#8221;turquoise&#8221; size=&#8221;lg&#8221; align=&#8221;left&#8221;][vc_btn title=&#8221;1820&#8243; color=&#8221;orange&#8221; size=&#8221;lg&#8221; align=&#8221;left&#8221; button_block=&#8221;true&#8221; link=&#8221;url:https%3A%2F%2Fdrive.google.com%2Ffile%2Fd%2F1OIJCZgj9iAzRCGa8NuT2O90f9rcoil7P%2Fview%3Fusp%3Dshare_link|target:_blank&#8221;][vc_btn title=&#8221;1828&#8243; color=&#8221;turquoise&#8221; size=&#8221;lg&#8221; align=&#8221;left&#8221; button_block=&#8221;true&#8221; link=&#8221;url:https%3A%2F%2Fdrive.google.com%2Ffile%2Fd%2F1d_5G6Plrpm6C22dJrjPQngbKm3tjwmlR%2Fview%3Fusp%3Dshare_link|target:_blank&#8221;][vc_btn title=&#8221;1833&#8243; color=&#8221;orange&#8221; size=&#8221;lg&#8221; align=&#8221;left&#8221; button_block=&#8221;true&#8221; link=&#8221;url:https%3A%2F%2Fdrive.google.com%2Ffile%2Fd%2F1UK1uVRq8hRYfmFo0SOg7TVNntpKyPmhS%2Fview%3Fusp%3Dshare_link|target:_blank&#8221;][vc_btn title=&#8221;1839&#8243; color=&#8221;turquoise&#8221; size=&#8221;lg&#8221; align=&#8221;left&#8221;][vc_btn title=&#8221;1844&#8243; color=&#8221;orange&#8221; size=&#8221;lg&#8221; align=&#8221;left&#8221;][vc_btn title=&#8221;1848&#8243; color=&#8221;turquoise&#8221; size=&#8221;lg&#8221; align=&#8221;left&#8221;][vc_btn title=&#8221;1853&#8243; color=&#8221;orange&#8221; size=&#8221;lg&#8221; align=&#8221;left&#8221;][\/vc_column][vc_column width=&#8221;1\/4&#8243;][vc_btn title=&#8221;1800 a 1824&#8243; color=&#8221;turquoise&#8221; size=&#8221;lg&#8221; align=&#8221;left&#8221; button_block=&#8221;true&#8221; link=&#8221;url:https%3A%2F%2Fdrive.google.com%2Ffile%2Fd%2F1_4dUJgQK9xdRW8obRPzpD0qmM3ozxJnP%2Fview%3Fusp%3Dshare_link|target:_blank&#8221;][vc_btn title=&#8221;1825&#8243; color=&#8221;orange&#8221; size=&#8221;lg&#8221; align=&#8221;left&#8221; button_block=&#8221;true&#8221; link=&#8221;url:https%3A%2F%2Fdrive.google.com%2Ffile%2Fd%2F1KawzEjfus6TH6pWChEWaGHJMqcfyXQAs%2Fview%3Fusp%3Dshare_link|target:_blank&#8221;][vc_btn title=&#8221;1829&#8243; color=&#8221;turquoise&#8221; size=&#8221;lg&#8221; align=&#8221;left&#8221;][vc_btn title=&#8221;1834&#8243; color=&#8221;orange&#8221; size=&#8221;lg&#8221; align=&#8221;left&#8221; button_block=&#8221;true&#8221; link=&#8221;url:https%3A%2F%2Fdrive.google.com%2Ffile%2Fd%2F1JhlfPBclqXnnFlwGtNGkU-VQRK_Db7c4%2Fview%3Fusp%3Dshare_link|target:_blank&#8221;][vc_btn title=&#8221;1840&#8243; color=&#8221;turquoise&#8221; size=&#8221;lg&#8221; align=&#8221;left&#8221;][vc_btn title=&#8221;1845&#8243; color=&#8221;orange&#8221; size=&#8221;lg&#8221; align=&#8221;left&#8221; button_block=&#8221;true&#8221; link=&#8221;url:https%3A%2F%2Fdrive.google.com%2Ffile%2Fd%2F1Mel4keJ0ipIB9tLnFjTJGdn6BEsgYPGR%2Fview%3Fusp%3Dshare_link|target:_blank&#8221;][vc_btn title=&#8221;1849&#8243; color=&#8221;turquoise&#8221; size=&#8221;lg&#8221; align=&#8221;left&#8221;][vc_btn title=&#8221;1853-1890&#8243; color=&#8221;orange&#8221; size=&#8221;lg&#8221; align=&#8221;left&#8221; button_block=&#8221;true&#8221; link=&#8221;url:https%3A%2F%2Fdrive.google.com%2Fdrive%2Ffolders%2F1s2EBIHn2ujmA1JsFmn3y7tch3HpupUmd|target:_blank&#8221;][\/vc_column][vc_column width=&#8221;1\/4&#8243;][vc_btn title=&#8221;1814 a 1819&#8243; color=&#8221;turquoise&#8221; size=&#8221;lg&#8221; align=&#8221;left&#8221;][vc_btn title=&#8221;1826&#8243; color=&#8221;orange&#8221; size=&#8221;lg&#8221; align=&#8221;left&#8221; button_block=&#8221;true&#8221; link=&#8221;url:https%3A%2F%2Fdrive.google.com%2Ffile%2Fd%2F1Xny2Pr2Ygn26iQ73xdK2Z_YaLcEp2ePy%2Fview%3Fusp%3Dshare_link|target:_blank&#8221;][vc_btn title=&#8221;1830&#8243; color=&#8221;turquoise&#8221; size=&#8221;lg&#8221; align=&#8221;left&#8221; button_block=&#8221;true&#8221; link=&#8221;url:https%3A%2F%2Fdrive.google.com%2Ffile%2Fd%2F1D8e3NklxWty_m-zhzoc1RRNPay__Z_DN%2Fview%3Fusp%3Dshare_link|target:_blank&#8221;][vc_btn title=&#8221;1836&#8243; color=&#8221;orange&#8221; size=&#8221;lg&#8221; align=&#8221;left&#8221; button_block=&#8221;true&#8221; link=&#8221;url:https%3A%2F%2Fdrive.google.com%2Ffile%2Fd%2F1nLGQ_-7-_hjX1fT-py4xViwPJVxw4VrW%2Fview%3Fusp%3Dshare_link|target:_blank&#8221;][vc_btn title=&#8221;1842&#8243; color=&#8221;turquoise&#8221; size=&#8221;lg&#8221; align=&#8221;left&#8221; button_block=&#8221;true&#8221; link=&#8221;url:https%3A%2F%2Fdrive.google.com%2Ffile%2Fd%2F1ufGysrCxlZs6K2XNB38EY6MgXFgZFH7p%2Fview%3Fusp%3Dshare_link|target:_blank&#8221;][vc_btn title=&#8221;1846&#8243; color=&#8221;orange&#8221; size=&#8221;lg&#8221; align=&#8221;left&#8221;][vc_btn title=&#8221;1850\/51&#8243; color=&#8221;turquoise&#8221; size=&#8221;lg&#8221; align=&#8221;left&#8221;][vc_btn title=&#8221;1854&#8243; color=&#8221;orange&#8221; size=&#8221;lg&#8221; align=&#8221;left&#8221;][\/vc_column][\/vc_row]<\/p>\n<\/div>","protected":false},"excerpt":{"rendered":"<p>[vc_row][vc_column][vc_column_text]Os invent\u00e1rios foram digitalizados seguindo a mesma ordem e divis\u00e3o do arquivo f\u00edsico do F\u00f3rum Afonso Campos. Desta forma, as pastas aqui digitalizadas s\u00e3o referentes as caixas arquivos do referido acervo. Em virtude do estado f\u00edsico de muitos documentos, algumas caixas n\u00e3o puderam ser catalogadas, encontrando-se digitalizadas na mesma ordem que encontram-se no arquivo f\u00edsico.[\/vc_column_text][\/vc_column][\/vc_row][vc_row][vc_column <a class=\"leiamais\" href=\"https:\/\/nucleos.uepb.edu.br\/nupehl\/acervos\/comarca-de-campina-grande\/inventarios-seculo-xix\/\">Leia Mais&#8230;<\/a><\/p>\n","protected":false},"author":32,"featured_media":0,"parent":136,"menu_order":0,"comment_status":"closed","ping_status":"closed","template":"","meta":{"footnotes":""},"class_list":["post-138","page","type-page","status-publish","hentry"],"_links":{"self":[{"href":"https:\/\/nucleos.uepb.edu.br\/nupehl\/wp-json\/wp\/v2\/pages\/138","targetHints":{"allow":["GET"]}}],"collection":[{"href":"https:\/\/nucleos.uepb.edu.br\/nupehl\/wp-json\/wp\/v2\/pages"}],"about":[{"href":"https:\/\/nucleos.uepb.edu.br\/nupehl\/wp-json\/wp\/v2\/types\/page"}],"author":[{"embeddable":true,"href":"https:\/\/nucleos.uepb.edu.br\/nupehl\/wp-json\/wp\/v2\/users\/32"}],"replies":[{"embeddable":true,"href":"https:\/\/nucleos.uepb.edu.br\/nupehl\/wp-json\/wp\/v2\/comments?post=138"}],"version-history":[{"count":35,"href":"https:\/\/nucleos.uepb.edu.br\/nupehl\/wp-json\/wp\/v2\/pages\/138\/revisions"}],"predecessor-version":[{"id":1036,"href":"https:\/\/nucleos.uepb.edu.br\/nupehl\/wp-json\/wp\/v2\/pages\/138\/revisions\/1036"}],"up":[{"embeddable":true,"href":"https:\/\/nucleos.uepb.edu.br\/nupehl\/wp-json\/wp\/v2\/pages\/136"}],"wp:attachment":[{"href":"https:\/\/nucleos.uepb.edu.br\/nupehl\/wp-json\/wp\/v2\/media?parent=138"}],"curies":[{"name":"wp","href":"https:\/\/api.w.org\/{rel}","templated":true}]}}