{"id":16,"date":"2017-02-07T09:21:35","date_gmt":"2017-02-07T11:21:35","guid":{"rendered":"https:\/\/nucleos.uepb.edu.br\/nupehl\/?page_id=16"},"modified":"2017-03-16T17:47:48","modified_gmt":"2017-03-16T20:47:48","slug":"linhas-de-pesquisa","status":"publish","type":"page","link":"https:\/\/nucleos.uepb.edu.br\/nupehl\/linhas-de-pesquisa\/","title":{"rendered":"Linhas de Pesquisa"},"content":{"rendered":"<p><strong>Espa\u00e7os, cultura e sociabilidades<\/strong><\/p>\n<p>Visa congregar investiga\u00e7\u00f5es sobre as diversas espacialidades, as formas de conv\u00edvio e as singularidades do meio social. Analisa a cidade como espa\u00e7o de produ\u00e7\u00e3o de sociabilidade e pr\u00e1ticas multiculturais. Verifica movimentos urbanos de natureza distinta, incorporando manifesta\u00e7\u00f5es espont\u00e2neas ou organizadas e experi\u00eancias associativas.<\/p>\n<p>&nbsp;<\/p>\n<p><strong>Estudos das popula\u00e7\u00f5es nativas<\/strong><\/p>\n<p>Fixa-se na investiga\u00e7\u00e3o sobre os povos ind\u00edgenas do Brasil\/Am\u00e9rica, sua cultura e constru\u00e7\u00e3o identit\u00e1ria, em interface com as narrativas dos e sobre os mesmos, os impactos da coloniza\u00e7\u00e3o, legisla\u00e7\u00e3o, resist\u00eancia e tutela.<\/p>\n<p>&nbsp;<\/p>\n<p><strong>Historiografia e Hist\u00f3ria local<\/strong><\/p>\n<p>No vasto campo dos fen\u00f4menos e pr\u00e1ticas intelectuais, a LP privilegia decisivamente aqueles de natureza historiogr\u00e1fica, propondo-se a investiga\u00e7\u00f5es que tenham como foco o conjunto das ideias, interpreta\u00e7\u00f5es e textos produzido pelos historiadores ditos &#8220;locais&#8221;, em articula\u00e7\u00f5es interpretativas entre passado, presente e futuro.<\/p>\n<p>&nbsp;<\/p>\n<p><strong>Mem\u00f3ria, Cultura e Diversidade no contexto de Patrim\u00f4nio Cultural<\/strong><\/p>\n<p>Desenvolve estudos acerca da rela\u00e7\u00e3o entre reivindica\u00e7\u00f5es memoriais e busca pelo reconhecimento, processos contempor\u00e2neos de conflitos de mem\u00f3ria, vitimiza\u00e7\u00e3o e excesso memoriais, dever de mem\u00f3ria e papel do Estado, mem\u00f3rias institucionais, mem\u00f3ria pol\u00edtica, oblitera\u00e7\u00f5es e esquecimentos, tradi\u00e7\u00e3o e usos do passado, transmiss\u00e3o de saberes tradicionais, patrim\u00f4nio imaterial, patrim\u00f4nio industrial rural e urbano e mem\u00f3rias do trabalho.<\/p>\n<p>&nbsp;<\/p>\n<p><strong>Hist\u00f3ria, Educa\u00e7\u00e3o e produ\u00e7\u00e3o de sentidos <\/strong><\/p>\n<p>Prop\u00f5e desenvolver pesquisas relacionadas ao ensino escolar da disciplina, tomando como interface a hist\u00f3ria local, focando temas numa abordagem tanto hist\u00f3rica quanto pedag\u00f3gica. Desta forma a linha desenvolve pesquisas relacionadas no \u00e2mbito da hist\u00f3ria local, suas pr\u00e1ticas, curr\u00edculos e orienta\u00e7\u00f5es, como ao ensino de hist\u00f3ria, seus supostos te\u00f3ricos e metodol\u00f3gicos, procedimentos e materiais did\u00e1ticos.<\/p>\n","protected":false},"excerpt":{"rendered":"<p>Espa\u00e7os, cultura e sociabilidades Visa congregar investiga\u00e7\u00f5es sobre as diversas espacialidades, as formas de conv\u00edvio e as singularidades do meio social. Analisa a cidade como espa\u00e7o de produ\u00e7\u00e3o de sociabilidade e pr\u00e1ticas multiculturais. Verifica movimentos urbanos de natureza distinta, incorporando manifesta\u00e7\u00f5es espont\u00e2neas ou organizadas e experi\u00eancias associativas. &nbsp; Estudos das popula\u00e7\u00f5es nativas Fixa-se na investiga\u00e7\u00e3o <a class=\"leiamais\" href=\"https:\/\/nucleos.uepb.edu.br\/nupehl\/linhas-de-pesquisa\/\">Leia Mais&#8230;<\/a><\/p>\n","protected":false},"author":2,"featured_media":0,"parent":0,"menu_order":0,"comment_status":"closed","ping_status":"closed","template":"","meta":{"footnotes":""},"class_list":["post-16","page","type-page","status-publish","hentry"],"_links":{"self":[{"href":"https:\/\/nucleos.uepb.edu.br\/nupehl\/wp-json\/wp\/v2\/pages\/16","targetHints":{"allow":["GET"]}}],"collection":[{"href":"https:\/\/nucleos.uepb.edu.br\/nupehl\/wp-json\/wp\/v2\/pages"}],"about":[{"href":"https:\/\/nucleos.uepb.edu.br\/nupehl\/wp-json\/wp\/v2\/types\/page"}],"author":[{"embeddable":true,"href":"https:\/\/nucleos.uepb.edu.br\/nupehl\/wp-json\/wp\/v2\/users\/2"}],"replies":[{"embeddable":true,"href":"https:\/\/nucleos.uepb.edu.br\/nupehl\/wp-json\/wp\/v2\/comments?post=16"}],"version-history":[{"count":3,"href":"https:\/\/nucleos.uepb.edu.br\/nupehl\/wp-json\/wp\/v2\/pages\/16\/revisions"}],"predecessor-version":[{"id":63,"href":"https:\/\/nucleos.uepb.edu.br\/nupehl\/wp-json\/wp\/v2\/pages\/16\/revisions\/63"}],"wp:attachment":[{"href":"https:\/\/nucleos.uepb.edu.br\/nupehl\/wp-json\/wp\/v2\/media?parent=16"}],"curies":[{"name":"wp","href":"https:\/\/api.w.org\/{rel}","templated":true}]}}