{"id":8,"date":"2017-02-07T09:08:17","date_gmt":"2017-02-07T11:08:17","guid":{"rendered":"https:\/\/nucleos.uepb.edu.br\/nupehl\/?page_id=8"},"modified":"2023-06-05T08:54:59","modified_gmt":"2023-06-05T11:54:59","slug":"extensao","status":"publish","type":"page","link":"https:\/\/nucleos.uepb.edu.br\/nupehl\/extensao\/","title":{"rendered":"Extens\u00e3o"},"content":{"rendered":"<p class=\"font_8\"><strong>DIGITALIZA\u00c7\u00c3O DOS INVENT\u00c1RIOS DO F\u00d3RUM AFONSO CAMPOS, <\/strong><br \/>\n<strong>CAMPINA GRANDE, ENTRE OS ANOS DE 1783 E 1863<\/strong><\/p>\n<p class=\"font_8\"><strong>ORGANIZADORES:<\/strong><\/p>\n<p class=\"font_8\">1. Eliton Souto de Medeiros (UFPB\/DEMAT\/LAMAB);<br \/>\n2. Juvandi de Souza Santos (UEPB\/NUPEHL);<\/p>\n<p class=\"font_8\"><strong>HIGIENIZA\u00c7\u00c3O E DIGITALIZA\u00c7\u00c3O:<\/strong><\/p>\n<p class=\"font_8\">1. Thaynana Maria Pereira da Silva<br \/>\n2. Pedro Santos Diniz<br \/>\n3. Emanuel Cordeiro Rodrigues<br \/>\n4. Milena Ara\u00fajo Souza<\/p>\n<p class=\"font_8\"><strong>APOIO FINANCEIRO:<\/strong><\/p>\n<p class=\"font_8\">1. Eliton Souto de Medeiros<br \/>\n2. Flauber de Barros Leira<br \/>\n3. Gabriel Ferreira Guimar\u00e3es<br \/>\n4. Karen Reges Sultanum<br \/>\n5. Luciano Canuto de Oliveira<br \/>\n6. Margarita de C\u00e1ssia Viana Rodrigues<br \/>\n7. Paulo Victor Oliveira do Egito<br \/>\n8. Ranielle Cavalcante de Macedo<br \/>\n9. Vinicius Cezar de Queiroz<\/p>\n<p class=\"font_8\"><strong>COLABORADORES:<\/strong><\/p>\n<p class=\"font_8\">1. Vandemberg de Freitas Rocha, juiz e diretor do F\u00f3rum Afonso Campos<br \/>\n2. Agnelo Oliveira, gerente do F\u00f3rum Afonso Campos<br \/>\n3. Edailton de Medeiros Silva, ex-juiz do F\u00f3rum Afonso Campos<br \/>\n4. Jos\u00e9 Morais Pinheiro, chefe da se\u00e7\u00e3o de arquivo do F\u00f3rum Afonso Campos<br \/>\n5. Lu\u00edra Freire Monteiro, professora, UEPB<\/p>\n","protected":false},"excerpt":{"rendered":"<p>DIGITALIZA\u00c7\u00c3O DOS INVENT\u00c1RIOS DO F\u00d3RUM AFONSO CAMPOS, CAMPINA GRANDE, ENTRE OS ANOS DE 1783 E 1863 ORGANIZADORES: 1. Eliton Souto de Medeiros (UFPB\/DEMAT\/LAMAB); 2. Juvandi de Souza Santos (UEPB\/NUPEHL); HIGIENIZA\u00c7\u00c3O E DIGITALIZA\u00c7\u00c3O: 1. Thaynana Maria Pereira da Silva 2. Pedro Santos Diniz 3. Emanuel Cordeiro Rodrigues 4. Milena Ara\u00fajo Souza APOIO FINANCEIRO: 1. Eliton Souto <a class=\"leiamais\" href=\"https:\/\/nucleos.uepb.edu.br\/nupehl\/extensao\/\">Leia Mais&#8230;<\/a><\/p>\n","protected":false},"author":2,"featured_media":0,"parent":0,"menu_order":0,"comment_status":"closed","ping_status":"closed","template":"","meta":{"footnotes":""},"class_list":["post-8","page","type-page","status-publish","hentry"],"_links":{"self":[{"href":"https:\/\/nucleos.uepb.edu.br\/nupehl\/wp-json\/wp\/v2\/pages\/8","targetHints":{"allow":["GET"]}}],"collection":[{"href":"https:\/\/nucleos.uepb.edu.br\/nupehl\/wp-json\/wp\/v2\/pages"}],"about":[{"href":"https:\/\/nucleos.uepb.edu.br\/nupehl\/wp-json\/wp\/v2\/types\/page"}],"author":[{"embeddable":true,"href":"https:\/\/nucleos.uepb.edu.br\/nupehl\/wp-json\/wp\/v2\/users\/2"}],"replies":[{"embeddable":true,"href":"https:\/\/nucleos.uepb.edu.br\/nupehl\/wp-json\/wp\/v2\/comments?post=8"}],"version-history":[{"count":7,"href":"https:\/\/nucleos.uepb.edu.br\/nupehl\/wp-json\/wp\/v2\/pages\/8\/revisions"}],"predecessor-version":[{"id":1039,"href":"https:\/\/nucleos.uepb.edu.br\/nupehl\/wp-json\/wp\/v2\/pages\/8\/revisions\/1039"}],"wp:attachment":[{"href":"https:\/\/nucleos.uepb.edu.br\/nupehl\/wp-json\/wp\/v2\/media?parent=8"}],"curies":[{"name":"wp","href":"https:\/\/api.w.org\/{rel}","templated":true}]}}

Extensão

<p class="font_8"><strong>DIGITALIZAÇÃO DOS INVENTÁRIOS DO FÓRUM AFONSO CAMPOS, </strong><br />
<strong>CAMPINA GRANDE, ENTRE OS ANOS DE 1783 E 1863</strong></p>
<p class="font_8"><strong>ORGANIZADORES:</strong></p>
<p class="font_8">1. Eliton Souto de Medeiros (UFPB/DEMAT/LAMAB);<br />
2. Juvandi de Souza Santos (UEPB/NUPEHL);</p>
<p class="font_8"><strong>HIGIENIZAÇÃO E DIGITALIZAÇÃO:</strong></p>
<p class="font_8">1. Thaynana Maria Pereira da Silva<br />
2. Pedro Santos Diniz<br />
3. Emanuel Cordeiro Rodrigues<br />
4. Milena Araújo Souza</p>
<p class="font_8"><strong>APOIO FINANCEIRO:</strong></p>
<p class="font_8">1. Eliton Souto de Medeiros<br />
2. Flauber de Barros Leira<br />
3. Gabriel Ferreira Guimarães<br />
4. Karen Reges Sultanum<br />
5. Luciano Canuto de Oliveira<br />
6. Margarita de Cássia Viana Rodrigues<br />
7. Paulo Victor Oliveira do Egito<br />
8. Ranielle Cavalcante de Macedo<br />
9. Vinicius Cezar de Queiroz</p>
<p class="font_8"><strong>COLABORADORES:</strong></p>
<p class="font_8">1. Vandemberg de Freitas Rocha, juiz e diretor do Fórum Afonso Campos<br />
2. Agnelo Oliveira, gerente do Fórum Afonso Campos<br />
3. Edailton de Medeiros Silva, ex-juiz do Fórum Afonso Campos<br />
4. José Morais Pinheiro, chefe da seção de arquivo do Fórum Afonso Campos<br />
5. Luíra Freire Monteiro, professora, UEPB</p>

<p>DIGITALIZAÇÃO DOS INVENTÁRIOS DO FÓRUM AFONSO CAMPOS, CAMPINA GRANDE, ENTRE OS ANOS DE 1783 E 1863 ORGANIZADORES: 1. Eliton Souto de Medeiros (UFPB/DEMAT/LAMAB); 2. Juvandi de Souza Santos (UEPB/NUPEHL); HIGIENIZAÇÃO E DIGITALIZAÇÃO: 1. Thaynana Maria Pereira da Silva 2. Pedro Santos Diniz 3. Emanuel Cordeiro Rodrigues 4. Milena Araújo Souza APOIO FINANCEIRO: 1. Eliton Souto <a class="leiamais" href="https://nucleos.uepb.edu.br/nupehl/extensao/">Leia Mais&#8230;</a></p>
